{"id":693,"date":"2022-12-10T12:47:46","date_gmt":"2022-12-10T11:47:46","guid":{"rendered":"https:\/\/jumavis.com\/?page_id=693"},"modified":"2023-01-27T17:02:06","modified_gmt":"2023-01-27T16:02:06","slug":"sensoren","status":"publish","type":"page","link":"https:\/\/foto-repro-webdesign.de\/jumavis\/sensoren\/","title":{"rendered":"Sensoren"},"content":{"rendered":"\n<section id=\"gm11c0578\" class=\"wp-block-gutentor-m3 section-gm11c0578 gutentor-module gutentor-container-cover\"><div class=\"grid-container\">\n<div style=\"height:50px\" aria-hidden=\"true\" class=\"wp-block-spacer\"><\/div>\n\n\n<div class=\"breadcrumbs align  wp-block-bcn-breadcrumb-trail has-text-color has-background\">\n\t<span><\/span>\n\tjumavis\u00ae<\/div>\n\n\n\n<h2 class=\"wp-block-heading\">Sensoren \u2013 optische Qualit\u00e4tskontrolle in 3D und 2D<\/h2>\n\n\n\n<p>100% Qualit\u00e4tskontrolle l\u00e4sst sich in vielen F\u00e4llen nur \u00fcber 3D realisieren, da Einfl\u00fcsse von Umgebungslicht, Schatten und Kontrast praktisch keine Rolle mehr spielen. Je nach Anwendung werden daf\u00fcr Punkt-, Linien- oder Snapshot-Sensoren eingesetzt, um H\u00f6hen, Ma\u00dfe, Oberfl\u00e4chen und Profile zu erfassen.<\/p>\n\n\n\n<p>Viele Aufgaben im Bereich der optischen Qualit\u00e4tskontrolle k\u00f6nnen auf einfache Pr\u00fcfalgorithmen reduziert werden und erfordern kein komplexes PC-basiertes Bildverarbeitungssystem. F\u00fcr diese Aufgaben sind Vision-Sensoren das ideale Werkzeug. Die robusten und zuverl\u00e4ssigen Kamera-Sensoren bieten Erfassungs- und Auswertetechnik in einem Geh\u00e4use, um Codes zu lesen, Objekte oder Farben zu erkennen.<\/p>\n\n\n\n<p><strong>jumavis<\/strong><sup><strong>\u00ae<\/strong><\/sup> hat Erfahrung mit 3D- und Vision-Sensoren und betrachtet diese Sensoren aufgrund ihrer technischen \u00dcberlegenheit, Leistungsf\u00e4higkeit und Produktqualit\u00e4t als zentralen Bestandteil des Sensor-Portfolios.<\/p>\n\n\n\n<div id=\"section-g6d9c11\" class=\"wp-block-gutentor-e2 section-g6d9c11 gutentor-element gutentor-element-button\"><span class=\"gutentor-button-wrap\"><a class=\"gutentor-button gutentor-block-button gutentor-icon-hide\" href=\"https:\/\/foto-repro-webdesign.de\/jumavis\/kontakt\/\"><i class=\"gutentor-button-icon fas fa-book\"><\/i><span>Wir freuen uns auf Ihre Anfrage<\/span><\/a><\/span><\/div>\n\n\n\n<div style=\"height:100px\" aria-hidden=\"true\" class=\"wp-block-spacer\"><\/div>\n\n\n\n<h3 class=\"wp-block-heading\">Wir arbeiten mit folgenden Partnern zusammen:<\/h3>\n\n\n\n<div style=\"height:20px\" aria-hidden=\"true\" class=\"wp-block-spacer\"><\/div>\n\n\n\n<section id=\"gme7315b6\" class=\"wp-block-gutentor-m2 section-gme7315b6 gutentor-module gutentor-dynamic-columns\"><div class=\"grid-container\"><div class=\"grid-row\">\n<div id=\"col-gm961f3d\" class=\"wp-block-gutentor-m2-col col-gm961f3d gutentor-module gutentor-dynamic-single-column grid-lg-3 grid-md-6 grid-12\"><div id=\"section-gm961f3d\" class=\"section-gm961f3d gutentor-single-col\">\n<figure class=\"wp-block-image size-full\"><a href=\"https:\/\/lmi3d.com\/\" target=\"_blank\" rel=\"noreferrer noopener\"><img loading=\"lazy\" decoding=\"async\" width=\"570\" height=\"422\" src=\"https:\/\/foto-repro-webdesign.de\/jumavis\/wp-content\/uploads\/2023\/01\/Logo_LMI-Technologies.png\" alt=\"\" class=\"wp-image-1156\" srcset=\"https:\/\/foto-repro-webdesign.de\/jumavis\/wp-content\/uploads\/2023\/01\/Logo_LMI-Technologies.png 570w, https:\/\/foto-repro-webdesign.de\/jumavis\/wp-content\/uploads\/2023\/01\/Logo_LMI-Technologies-300x222.png 300w\" sizes=\"auto, (max-width: 570px) 100vw, 570px\" \/><\/a><\/figure>\n<\/div><\/div>\n\n\n\n<div id=\"col-gmef4797\" class=\"wp-block-gutentor-m2-col col-gmef4797 gutentor-module gutentor-dynamic-single-column grid-lg-3 grid-md-6 grid-12\"><div id=\"section-gmef4797\" class=\"section-gmef4797 gutentor-single-col\">\n<figure class=\"wp-block-image size-full\"><a href=\"https:\/\/www.sensopart.com\/\" target=\"_blank\" rel=\"noreferrer noopener\"><img loading=\"lazy\" decoding=\"async\" width=\"570\" height=\"422\" src=\"https:\/\/foto-repro-webdesign.de\/jumavis\/wp-content\/uploads\/2023\/01\/Logo_SENSOPART-1.png\" alt=\"\" class=\"wp-image-1154\" srcset=\"https:\/\/foto-repro-webdesign.de\/jumavis\/wp-content\/uploads\/2023\/01\/Logo_SENSOPART-1.png 570w, https:\/\/foto-repro-webdesign.de\/jumavis\/wp-content\/uploads\/2023\/01\/Logo_SENSOPART-1-300x222.png 300w\" sizes=\"auto, (max-width: 570px) 100vw, 570px\" \/><\/a><\/figure>\n<\/div><\/div>\n<\/div><\/div><\/section>\n\n\n\n<div style=\"height:30px\" aria-hidden=\"true\" class=\"wp-block-spacer\"><\/div>\n<\/div><\/section>\n","protected":false},"excerpt":{"rendered":"","protected":false},"author":1,"featured_media":0,"parent":0,"menu_order":0,"comment_status":"closed","ping_status":"closed","template":"","meta":{"footnotes":""},"class_list":["post-693","page","type-page","status-publish","hentry"],"_links":{"self":[{"href":"https:\/\/foto-repro-webdesign.de\/jumavis\/wp-json\/wp\/v2\/pages\/693","targetHints":{"allow":["GET"]}}],"collection":[{"href":"https:\/\/foto-repro-webdesign.de\/jumavis\/wp-json\/wp\/v2\/pages"}],"about":[{"href":"https:\/\/foto-repro-webdesign.de\/jumavis\/wp-json\/wp\/v2\/types\/page"}],"author":[{"embeddable":true,"href":"https:\/\/foto-repro-webdesign.de\/jumavis\/wp-json\/wp\/v2\/users\/1"}],"replies":[{"embeddable":true,"href":"https:\/\/foto-repro-webdesign.de\/jumavis\/wp-json\/wp\/v2\/comments?post=693"}],"version-history":[{"count":15,"href":"https:\/\/foto-repro-webdesign.de\/jumavis\/wp-json\/wp\/v2\/pages\/693\/revisions"}],"predecessor-version":[{"id":1508,"href":"https:\/\/foto-repro-webdesign.de\/jumavis\/wp-json\/wp\/v2\/pages\/693\/revisions\/1508"}],"wp:attachment":[{"href":"https:\/\/foto-repro-webdesign.de\/jumavis\/wp-json\/wp\/v2\/media?parent=693"}],"curies":[{"name":"wp","href":"https:\/\/api.w.org\/{rel}","templated":true}]}}