{"id":665,"date":"2022-12-10T12:37:09","date_gmt":"2022-12-10T11:37:09","guid":{"rendered":"https:\/\/jumavis.com\/?page_id=665"},"modified":"2026-03-02T17:57:38","modified_gmt":"2026-03-02T16:57:38","slug":"beleuchtung","status":"publish","type":"page","link":"https:\/\/foto-repro-webdesign.de\/jumavis\/beleuchtung\/","title":{"rendered":"Beleuchtung"},"content":{"rendered":"\n<div style=\"height:50px\" aria-hidden=\"true\" class=\"wp-block-spacer\"><\/div>\n\n\n\n<section id=\"gm54914aa\" class=\"wp-block-gutentor-m3 section-gm54914aa gutentor-module gutentor-container-cover\"><div class=\"grid-container\"><div class=\"breadcrumbs align  wp-block-bcn-breadcrumb-trail has-text-color has-background\">\n\t<span><\/span>\n\tjumavis\u00ae<\/div>\n\n\n\n<h2 class=\"wp-block-heading\">F\u00fcr jede Anwendung das passende Licht<\/h2>\n\n\n\n<p>Die Beleuchtung ist eine der wichtigsten S\u00e4ulen der Bilderfassung und Voraussetzung, um eine Applikation prozesssicher zu realisieren. Die optimale Beleuchtung hebt wichtige Eigenschaften des zu pr\u00fcfenden Objekts hervor und macht unwichtige, st\u00f6rende Informationen \u201eunsichtbar\u201c. \u00c4u\u00dfere negative Effekte wie beispielsweise Helligkeitsver\u00e4nderungen der Umgebung werden eliminiert.<\/p>\n\n\n\n<p><strong>jumavis<sup>\u00ae<\/sup><\/strong> bietet f\u00fcr alle Anwendungen das richtige Licht. Unser Lieferantenpool umfasst Spezialisten f\u00fcr alle Anforderungen und mit unserem Know-How finden wir auch f\u00fcr Ihre Anforderungen die beste L\u00f6sung.<\/p>\n\n\n\n<div id=\"section-g293986\" class=\"wp-block-gutentor-e2 section-g293986 gutentor-element gutentor-element-button\"><span class=\"gutentor-button-wrap\"><a class=\"gutentor-button gutentor-block-button gutentor-icon-hide\" href=\"https:\/\/foto-repro-webdesign.de\/jumavis\/kontakt\/\"><i class=\"gutentor-button-icon fas fa-book\"><\/i><span>Wir freuen uns auf Ihre Anfrage<\/span><\/a><\/span><\/div>\n\n\n\n<div style=\"height:100px\" aria-hidden=\"true\" class=\"wp-block-spacer\"><\/div>\n\n\n\n<h3 class=\"wp-block-heading\"><strong>Wir arbeiten mit folgenden Partnern zusammen:<\/strong><\/h3>\n\n\n\n<div style=\"height:20px\" aria-hidden=\"true\" class=\"wp-block-spacer\"><\/div>\n\n\n\n<section id=\"gm0f60eca\" class=\"wp-block-gutentor-m2 section-gm0f60eca gutentor-module gutentor-dynamic-columns\"><div class=\"grid-container\"><div class=\"grid-row\">\n<div id=\"col-gm729ab3\" class=\"wp-block-gutentor-m2-col col-gm729ab3 gutentor-module gutentor-dynamic-single-column grid-lg-3 grid-md-6 grid-12\"><div id=\"section-gm729ab3\" class=\"section-gm729ab3 gutentor-single-col\">\n<figure class=\"wp-block-image size-full\"><a href=\"https:\/\/www.latab.se\/\" target=\"_blank\" rel=\"noreferrer noopener\"><img loading=\"lazy\" decoding=\"async\" width=\"570\" height=\"422\" src=\"https:\/\/foto-repro-webdesign.de\/jumavis\/wp-content\/uploads\/2023\/01\/Logo_LATAB.png\" alt=\"\" class=\"wp-image-1097\" srcset=\"https:\/\/foto-repro-webdesign.de\/jumavis\/wp-content\/uploads\/2023\/01\/Logo_LATAB.png 570w, https:\/\/foto-repro-webdesign.de\/jumavis\/wp-content\/uploads\/2023\/01\/Logo_LATAB-300x222.png 300w\" sizes=\"auto, (max-width: 570px) 100vw, 570px\" \/><\/a><\/figure>\n<\/div><\/div>\n\n\n\n<div id=\"col-gma74421\" class=\"wp-block-gutentor-m2-col col-gma74421 gutentor-module gutentor-dynamic-single-column grid-lg-3 grid-md-6 grid-12\"><div id=\"section-gma74421\" class=\"section-gma74421 gutentor-single-col\">\n<figure class=\"wp-block-image size-full\"><a href=\"https:\/\/foto-repro-webdesign.de\/jumavis\/beleuchtung-gefasoft\/\" target=\"_blank\" rel=\"noreferrer noopener\"><img loading=\"lazy\" decoding=\"async\" width=\"570\" height=\"422\" src=\"https:\/\/foto-repro-webdesign.de\/jumavis\/wp-content\/uploads\/2025\/09\/Logo_GEFASOFT.png\" alt=\"\" class=\"wp-image-2144\" srcset=\"https:\/\/foto-repro-webdesign.de\/jumavis\/wp-content\/uploads\/2025\/09\/Logo_GEFASOFT.png 570w, https:\/\/foto-repro-webdesign.de\/jumavis\/wp-content\/uploads\/2025\/09\/Logo_GEFASOFT-300x222.png 300w\" sizes=\"auto, (max-width: 570px) 100vw, 570px\" \/><\/a><\/figure>\n<\/div><\/div>\n\n\n\n<div id=\"col-gm210fca\" class=\"wp-block-gutentor-m2-col col-gm210fca gutentor-module gutentor-dynamic-single-column grid-lg-3 grid-md-6 grid-12\"><div id=\"section-gm210fca\" class=\"section-gm210fca gutentor-single-col\">\n<figure class=\"wp-block-image size-full\"><a href=\"https:\/\/spectrumillumination.com\/\" target=\"_blank\" rel=\"noreferrer noopener\"><img loading=\"lazy\" decoding=\"async\" width=\"570\" height=\"422\" src=\"https:\/\/foto-repro-webdesign.de\/jumavis\/wp-content\/uploads\/2023\/01\/Logo_Spectrum-Illumination.png\" alt=\"\" class=\"wp-image-1102\" srcset=\"https:\/\/foto-repro-webdesign.de\/jumavis\/wp-content\/uploads\/2023\/01\/Logo_Spectrum-Illumination.png 570w, https:\/\/foto-repro-webdesign.de\/jumavis\/wp-content\/uploads\/2023\/01\/Logo_Spectrum-Illumination-300x222.png 300w\" sizes=\"auto, (max-width: 570px) 100vw, 570px\" \/><\/a><\/figure>\n<\/div><\/div>\n\n\n\n<div id=\"col-gmf1d281\" class=\"wp-block-gutentor-m2-col col-gmf1d281 gutentor-module gutentor-dynamic-single-column grid-lg-3 grid-md-6 grid-12\"><div id=\"section-gmf1d281\" class=\"section-gmf1d281 gutentor-single-col\">\n<figure class=\"wp-block-image size-full\"><a href=\"https:\/\/www.dcmsistemes.com\/\" target=\"_blank\" rel=\"noreferrer noopener\"><img loading=\"lazy\" decoding=\"async\" width=\"570\" height=\"422\" src=\"https:\/\/foto-repro-webdesign.de\/jumavis\/wp-content\/uploads\/2023\/01\/Logo_DCM-Sistemes.png\" alt=\"\" class=\"wp-image-1103\" srcset=\"https:\/\/foto-repro-webdesign.de\/jumavis\/wp-content\/uploads\/2023\/01\/Logo_DCM-Sistemes.png 570w, https:\/\/foto-repro-webdesign.de\/jumavis\/wp-content\/uploads\/2023\/01\/Logo_DCM-Sistemes-300x222.png 300w\" sizes=\"auto, (max-width: 570px) 100vw, 570px\" \/><\/a><\/figure>\n<\/div><\/div>\n\n\n\n<div id=\"col-gm8bdc10\" class=\"wp-block-gutentor-m2-col col-gm8bdc10 gutentor-module gutentor-dynamic-single-column grid-lg-3 grid-md-6 grid-12\"><div id=\"section-gm8bdc10\" class=\"section-gm8bdc10 gutentor-single-col\">\n<figure class=\"wp-block-image size-full\"><a href=\"https:\/\/www.schott.com\/\" target=\"_blank\" rel=\"noreferrer noopener\"><img loading=\"lazy\" decoding=\"async\" width=\"570\" height=\"422\" src=\"https:\/\/foto-repro-webdesign.de\/jumavis\/wp-content\/uploads\/2023\/01\/Logo_SCHOTT.png\" alt=\"\" class=\"wp-image-1105\" srcset=\"https:\/\/foto-repro-webdesign.de\/jumavis\/wp-content\/uploads\/2023\/01\/Logo_SCHOTT.png 570w, https:\/\/foto-repro-webdesign.de\/jumavis\/wp-content\/uploads\/2023\/01\/Logo_SCHOTT-300x222.png 300w\" sizes=\"auto, (max-width: 570px) 100vw, 570px\" \/><\/a><\/figure>\n<\/div><\/div>\n\n\n\n<div id=\"col-gm6f8cc2\" class=\"wp-block-gutentor-m2-col col-gm6f8cc2 gutentor-module gutentor-dynamic-single-column grid-lg-3 grid-md-6 grid-12\"><div id=\"section-gm6f8cc2\" class=\"section-gm6f8cc2 gutentor-single-col\">\n<figure class=\"wp-block-image size-full\"><a href=\"https:\/\/chromasens.de\/\" target=\"_blank\" rel=\"noreferrer noopener\"><img loading=\"lazy\" decoding=\"async\" width=\"570\" height=\"422\" src=\"https:\/\/foto-repro-webdesign.de\/jumavis\/wp-content\/uploads\/2023\/01\/Logo_chromasens.png\" alt=\"\" class=\"wp-image-1106\" srcset=\"https:\/\/foto-repro-webdesign.de\/jumavis\/wp-content\/uploads\/2023\/01\/Logo_chromasens.png 570w, https:\/\/foto-repro-webdesign.de\/jumavis\/wp-content\/uploads\/2023\/01\/Logo_chromasens-300x222.png 300w\" sizes=\"auto, (max-width: 570px) 100vw, 570px\" \/><\/a><\/figure>\n<\/div><\/div>\n\n\n\n<div id=\"col-gm8754f8\" class=\"wp-block-gutentor-m2-col col-gm8754f8 gutentor-module gutentor-dynamic-single-column grid-lg-3 grid-md-6 grid-12\"><div id=\"section-gm8754f8\" class=\"section-gm8754f8 gutentor-single-col\">\n<figure class=\"wp-block-image size-full\"><a href=\"https:\/\/www.planistar.de\/\" target=\"_blank\" rel=\"noreferrer noopener\"><img loading=\"lazy\" decoding=\"async\" width=\"570\" height=\"422\" src=\"https:\/\/foto-repro-webdesign.de\/jumavis\/wp-content\/uploads\/2023\/01\/Logo_planistar.png\" alt=\"\" class=\"wp-image-1100\" srcset=\"https:\/\/foto-repro-webdesign.de\/jumavis\/wp-content\/uploads\/2023\/01\/Logo_planistar.png 570w, https:\/\/foto-repro-webdesign.de\/jumavis\/wp-content\/uploads\/2023\/01\/Logo_planistar-300x222.png 300w\" sizes=\"auto, (max-width: 570px) 100vw, 570px\" \/><\/a><\/figure>\n<\/div><\/div>\n\n\n\n<div id=\"col-gm8aabdd\" class=\"wp-block-gutentor-m2-col col-gm8aabdd gutentor-module gutentor-dynamic-single-column grid-lg-3 grid-md-6 grid-12\"><div id=\"section-gm8aabdd\" class=\"section-gm8aabdd gutentor-single-col\">\n<figure class=\"wp-block-image size-full\"><a href=\"https:\/\/moritex.com\/\" target=\"_blank\" rel=\"noreferrer noopener\"><img loading=\"lazy\" decoding=\"async\" width=\"570\" height=\"422\" src=\"https:\/\/foto-repro-webdesign.de\/jumavis\/wp-content\/uploads\/2023\/01\/Logo_MORITEX.png\" alt=\"\" class=\"wp-image-1108\" srcset=\"https:\/\/foto-repro-webdesign.de\/jumavis\/wp-content\/uploads\/2023\/01\/Logo_MORITEX.png 570w, https:\/\/foto-repro-webdesign.de\/jumavis\/wp-content\/uploads\/2023\/01\/Logo_MORITEX-300x222.png 300w\" sizes=\"auto, (max-width: 570px) 100vw, 570px\" \/><\/a><\/figure>\n<\/div><\/div>\n\n\n\n<div id=\"col-g-m3hubcc\" class=\"wp-block-gutentor-m2-col col-g-m3hubcc gutentor-module gutentor-dynamic-single-column grid-lg-3 grid-md-6 grid-12\"><div id=\"section-g-m3hubcc\" class=\"section-g-m3hubcc gutentor-single-col\">\n<figure class=\"wp-block-image size-full\"><a href=\"https:\/\/z-laser.com\/produktbereich-laser-zur-bildverarbeitung\/\" target=\"_blank\" rel=\" noreferrer noopener\"><img loading=\"lazy\" decoding=\"async\" width=\"570\" height=\"422\" src=\"https:\/\/foto-repro-webdesign.de\/jumavis\/wp-content\/uploads\/2025\/09\/Logo_Z-Laser.png\" alt=\"\" class=\"wp-image-2162\" srcset=\"https:\/\/foto-repro-webdesign.de\/jumavis\/wp-content\/uploads\/2025\/09\/Logo_Z-Laser.png 570w, https:\/\/foto-repro-webdesign.de\/jumavis\/wp-content\/uploads\/2025\/09\/Logo_Z-Laser-300x222.png 300w\" sizes=\"auto, (max-width: 570px) 100vw, 570px\" \/><\/a><\/figure>\n<\/div><\/div>\n<\/div><\/div><\/section>\n\n\n\n<div style=\"height:100px\" aria-hidden=\"true\" class=\"wp-block-spacer\"><\/div>\n<\/div><\/section>\n","protected":false},"excerpt":{"rendered":"","protected":false},"author":1,"featured_media":0,"parent":0,"menu_order":0,"comment_status":"closed","ping_status":"closed","template":"","meta":{"footnotes":""},"class_list":["post-665","page","type-page","status-publish","hentry"],"_links":{"self":[{"href":"https:\/\/foto-repro-webdesign.de\/jumavis\/wp-json\/wp\/v2\/pages\/665","targetHints":{"allow":["GET"]}}],"collection":[{"href":"https:\/\/foto-repro-webdesign.de\/jumavis\/wp-json\/wp\/v2\/pages"}],"about":[{"href":"https:\/\/foto-repro-webdesign.de\/jumavis\/wp-json\/wp\/v2\/types\/page"}],"author":[{"embeddable":true,"href":"https:\/\/foto-repro-webdesign.de\/jumavis\/wp-json\/wp\/v2\/users\/1"}],"replies":[{"embeddable":true,"href":"https:\/\/foto-repro-webdesign.de\/jumavis\/wp-json\/wp\/v2\/comments?post=665"}],"version-history":[{"count":79,"href":"https:\/\/foto-repro-webdesign.de\/jumavis\/wp-json\/wp\/v2\/pages\/665\/revisions"}],"predecessor-version":[{"id":2312,"href":"https:\/\/foto-repro-webdesign.de\/jumavis\/wp-json\/wp\/v2\/pages\/665\/revisions\/2312"}],"wp:attachment":[{"href":"https:\/\/foto-repro-webdesign.de\/jumavis\/wp-json\/wp\/v2\/media?parent=665"}],"curies":[{"name":"wp","href":"https:\/\/api.w.org\/{rel}","templated":true}]}}