{"id":1924,"date":"2024-11-17T10:35:18","date_gmt":"2024-11-17T09:35:18","guid":{"rendered":"https:\/\/jumavis.com\/?page_id=1924"},"modified":"2026-04-21T18:58:52","modified_gmt":"2026-04-21T16:58:52","slug":"industrie-computer","status":"publish","type":"page","link":"https:\/\/foto-repro-webdesign.de\/jumavis\/industrie-computer\/","title":{"rendered":"Industrie Computer"},"content":{"rendered":"\n<section id=\"gmf224e66\" class=\"wp-block-gutentor-m3 section-gmf224e66 gutentor-module gutentor-container-cover\"><div class=\"grid-container\">\n<div style=\"height:50px\" aria-hidden=\"true\" class=\"wp-block-spacer\"><\/div>\n\n\n<div class=\"breadcrumbs align  wp-block-bcn-breadcrumb-trail has-text-color has-background\">\n\t<span><\/span>\n\tjumavis\u00ae<\/div>\n\n\n\n<h2 class=\"wp-block-heading\">Industrie PCs \u2013 Robust, leistungsf\u00e4hig, zuverl\u00e4ssig und \u201ehart im Nehmen\u201c<\/h2>\n\n\n\n<p>Handels\u00fcbliche Computer sind f\u00fcr normale Raumbedingungen und nicht f\u00fcr den Einsatz 24\/7 ausgelegt.<\/p>\n\n\n\n<p>Systeme f\u00fcr die optische Qualit\u00e4tssicherung arbeiten meist unter \u201eProduktionsbedingungen\u201c. Feuchtigkeit, Staub, Ersch\u00fctterungen, hohe oder besonders tiefe Temperaturen sind keine Seltenheit. Software, die unter hoher Geschwindigkeit viele Parameter zu pr\u00fcfen hat, braucht leistungsf\u00e4hige Rechner und selten gibt es viel Platz. Daher braucht es f\u00fcr zuverl\u00e4ssige optische Erfassungs- und Auswertungssysteme besonders robuste und leistungsf\u00e4hige Industrie-Computer, die hart im \u201eNehmen\u201c sind.<\/p>\n\n\n\n<p><strong>jumavis<sup>\u00ae<\/sup><\/strong> bietet zuverl\u00e4ssige Industrie-Computersysteme f\u00fcr alle, seien es noch so anspruchsvolle Bedingungen.<\/p>\n\n\n\n<div id=\"section-g722879\" class=\"wp-block-gutentor-e2 section-g722879 gutentor-element gutentor-element-button\"><span class=\"gutentor-button-wrap\"><a class=\"gutentor-button gutentor-block-button gutentor-icon-hide\" href=\"https:\/\/foto-repro-webdesign.de\/jumavis\/kontakt\/\"><i class=\"gutentor-button-icon fas fa-book\"><\/i><span>Wir freuen uns auf Ihre Anfrage<\/span><\/a><\/span><\/div>\n\n\n\n<div style=\"height:100px\" aria-hidden=\"true\" class=\"wp-block-spacer\"><\/div>\n\n\n\n<h3 class=\"wp-block-heading\">Wir arbeiten mit folgenden Partnern zusammen:<\/h3>\n\n\n\n<div style=\"height:20px\" aria-hidden=\"true\" class=\"wp-block-spacer\"><\/div>\n\n\n\n<section id=\"gmee3e08a\" class=\"wp-block-gutentor-m2 section-gmee3e08a gutentor-module gutentor-dynamic-columns\"><div class=\"grid-container\"><div class=\"grid-row\">\n<div id=\"col-gmec3446\" class=\"wp-block-gutentor-m2-col col-gmec3446 gutentor-module gutentor-dynamic-single-column grid-lg-3 grid-md-6 grid-12\"><div id=\"section-gmec3446\" class=\"section-gmec3446 gutentor-single-col\">\n<figure class=\"wp-block-image size-full\"><a href=\"https:\/\/pyramid-computer.com\/de-de\/akhet\/\" target=\"_blank\" rel=\"noreferrer noopener\"><img loading=\"lazy\" decoding=\"async\" width=\"570\" height=\"422\" src=\"https:\/\/foto-repro-webdesign.de\/jumavis\/wp-content\/uploads\/2025\/09\/Logo_PYRAMID.png\" alt=\"\" class=\"wp-image-2192\" srcset=\"https:\/\/foto-repro-webdesign.de\/jumavis\/wp-content\/uploads\/2025\/09\/Logo_PYRAMID.png 570w, https:\/\/foto-repro-webdesign.de\/jumavis\/wp-content\/uploads\/2025\/09\/Logo_PYRAMID-300x222.png 300w\" sizes=\"auto, (max-width: 570px) 100vw, 570px\" \/><\/a><\/figure>\n<\/div><\/div>\n\n\n\n<div id=\"col-gm2e922f\" class=\"wp-block-gutentor-m2-col col-gm2e922f gutentor-module gutentor-dynamic-single-column grid-lg-3 grid-md-6 grid-12\"><div id=\"section-gm2e922f\" class=\"section-gm2e922f gutentor-single-col\">\n<figure class=\"wp-block-image size-full\"><a href=\"https:\/\/www.schubert-system-elektronik.de\/\" target=\"_blank\" rel=\"noreferrer noopener\"><img loading=\"lazy\" decoding=\"async\" width=\"570\" height=\"422\" src=\"https:\/\/foto-repro-webdesign.de\/jumavis\/wp-content\/uploads\/2025\/09\/Logo_SCHUBERT.png\" alt=\"\" class=\"wp-image-2200\" srcset=\"https:\/\/foto-repro-webdesign.de\/jumavis\/wp-content\/uploads\/2025\/09\/Logo_SCHUBERT.png 570w, https:\/\/foto-repro-webdesign.de\/jumavis\/wp-content\/uploads\/2025\/09\/Logo_SCHUBERT-300x222.png 300w\" sizes=\"auto, (max-width: 570px) 100vw, 570px\" \/><\/a><\/figure>\n<\/div><\/div>\n<\/div><\/div><\/section>\n\n\n\n<div style=\"height:30px\" aria-hidden=\"true\" class=\"wp-block-spacer\"><\/div>\n<\/div><\/section>\n","protected":false},"excerpt":{"rendered":"","protected":false},"author":1,"featured_media":0,"parent":0,"menu_order":0,"comment_status":"closed","ping_status":"closed","template":"","meta":{"footnotes":""},"class_list":["post-1924","page","type-page","status-publish","hentry"],"_links":{"self":[{"href":"https:\/\/foto-repro-webdesign.de\/jumavis\/wp-json\/wp\/v2\/pages\/1924","targetHints":{"allow":["GET"]}}],"collection":[{"href":"https:\/\/foto-repro-webdesign.de\/jumavis\/wp-json\/wp\/v2\/pages"}],"about":[{"href":"https:\/\/foto-repro-webdesign.de\/jumavis\/wp-json\/wp\/v2\/types\/page"}],"author":[{"embeddable":true,"href":"https:\/\/foto-repro-webdesign.de\/jumavis\/wp-json\/wp\/v2\/users\/1"}],"replies":[{"embeddable":true,"href":"https:\/\/foto-repro-webdesign.de\/jumavis\/wp-json\/wp\/v2\/comments?post=1924"}],"version-history":[{"count":5,"href":"https:\/\/foto-repro-webdesign.de\/jumavis\/wp-json\/wp\/v2\/pages\/1924\/revisions"}],"predecessor-version":[{"id":2408,"href":"https:\/\/foto-repro-webdesign.de\/jumavis\/wp-json\/wp\/v2\/pages\/1924\/revisions\/2408"}],"wp:attachment":[{"href":"https:\/\/foto-repro-webdesign.de\/jumavis\/wp-json\/wp\/v2\/media?parent=1924"}],"curies":[{"name":"wp","href":"https:\/\/api.w.org\/{rel}","templated":true}]}}